{"id":19,"date":"2017-05-29T09:55:16","date_gmt":"2017-05-29T07:55:16","guid":{"rendered":"https:\/\/urbex-datenbank.ch\/?page_id=19"},"modified":"2019-05-04T17:35:30","modified_gmt":"2019-05-04T16:35:30","slug":"19-2","status":"publish","type":"page","link":"https:\/\/urbex-datenbank.ch\/urbex\/","title":{"rendered":"Willkommen"},"content":{"rendered":"<p style=\"text-align: center;\">Willkommen auf der etwas anderen Urbex-Seite. W\u00e4hrend einige die Standorte ihrer Lost Places streng h\u00fcten, wollen wir sie hier miteinander teilen. Fr\u00fcher oder sp\u00e4ter (in der Schweiz eher fr\u00fcher) werden verlassene Orte abgerissen, saniert, \u00fcberbaut&#8230;Lasst uns bis dahin die Erinnerung an all diese tollen Orte in m\u00f6glichst vielen K\u00f6pfen verankern und auf m\u00f6glichst vielen Bildern festhalten. Ich glaube daran, dass diese Sammlung vor allem jenen zugute kommt, welche die einzigartige Sch\u00f6nheit von Lost Places zu sch\u00e4tzen wissen und sie dementsprechend respektvoll behandeln.<\/p>\n<p style=\"text-align: center; padding-left: 30px;\"><strong><em>Nimm nichts mit ausser deinen Bildern und hinterlasse nichts ausser deinen Fussspuren.<\/em><\/strong><\/p>\n<p style=\"text-align: center; padding-left: 30px;\">Falls ihr einen Lost Place mit uns teilen m\u00f6chtet, schickt einfach eine E-Mail mit dem Standort und wenn m\u00f6glich einem Bild an <span style=\"color: #256b09;\"><a style=\"color: #256b09;\" href=\"mailto:info@urbex-datenbank.ch\">info@urbex-datenbank.ch<\/a>.<\/span><\/p>\n<p style=\"text-align: center; padding-left: 30px;\">Wenn euch die Seite gef\u00e4llt, d\u00fcrft ihr gern einen Kommentar hinterlassen oder folgt Urbex Datenbank auf Facebook, Instagram oder Youtube.<\/p>\n<p style=\"text-align: center;\"><a href=\"https:\/\/urbex-datenbank.ch\/urbex\/blog\/\"><span style=\"color: #256b09;\">Zum Blog<\/span><\/a><\/p>\n","protected":false},"excerpt":{"rendered":"<p>Willkommen auf der etwas anderen Urbex-Seite. W\u00e4hrend einige die Standorte ihrer Lost Places streng h\u00fcten, wollen wir sie hier miteinander teilen. Fr\u00fcher oder sp\u00e4ter (in der Schweiz eher fr\u00fcher) werden verlassene Orte abgerissen, saniert, \u00fcberbaut&#8230;Lasst uns bis dahin die Erinnerung an all diese tollen Orte in m\u00f6glichst vielen K\u00f6pfen verankern und auf m\u00f6glichst vielen Bildern &#8230;<\/p>\n","protected":false},"author":1,"featured_media":85,"parent":0,"menu_order":1,"comment_status":"closed","ping_status":"closed","template":"","meta":{"jetpack_post_was_ever_published":false,"footnotes":""},"class_list":["post-19","page","type-page","status-publish","has-post-thumbnail","hentry"],"jetpack_sharing_enabled":true,"jetpack_shortlink":"https:\/\/wp.me\/PaAVVs-j","jetpack-related-posts":[{"id":994,"url":"https:\/\/urbex-datenbank.ch\/urbex\/datenschutzerklaerung\/","url_meta":{"origin":19,"position":0},"title":"Datenschutzerkl\u00e4rung","author":"Admin","date":"Juli 20, 2018","format":false,"excerpt":"Wer wir sind Die Adresse unserer Website ist: https:\/\/urbex-datenbank.ch. Welche personenbezogenen Daten wir sammeln und warum wir sie sammeln Kommentare Wenn Besucher Kommentare auf der Website schreiben, sammeln wir die Daten, die im Kommentar-Formular angezeigt werden, au\u00dferdem die IP-Adresse des Besuchers und den User-Agent-String (damit wird der Browser identifiziert), um\u2026","rel":"","context":"\u00c4hnlicher Beitrag","block_context":{"text":"\u00c4hnlicher Beitrag","link":""},"img":{"alt_text":"","src":"","width":0,"height":0},"classes":[]},{"id":2891,"url":"https:\/\/urbex-datenbank.ch\/urbex\/regeln\/","url_meta":{"origin":19,"position":1},"title":"Regeln","author":"Admin","date":"Dezember 9, 2020","format":false,"excerpt":"Die eingereichten Bilder m\u00fcssen im weitesten Sinn ein weihnachtliches Sujet an einem Lost Place darstellen. Es spielt keine Rolle, ob ihr etwas genau wie auf dem Bild vorgefunden oder mitgenommen und arrangiert habt. Es d\u00fcrfen nur eigene Bilder hochgeladen werden, an denen man die Rechte besitzt. Nat\u00fcrlich muss man damit\u2026","rel":"","context":"\u00c4hnlicher Beitrag","block_context":{"text":"\u00c4hnlicher Beitrag","link":""},"img":{"alt_text":"","src":"","width":0,"height":0},"classes":[]}],"_links":{"self":[{"href":"https:\/\/urbex-datenbank.ch\/urbex\/wp-json\/wp\/v2\/pages\/19","targetHints":{"allow":["GET"]}}],"collection":[{"href":"https:\/\/urbex-datenbank.ch\/urbex\/wp-json\/wp\/v2\/pages"}],"about":[{"href":"https:\/\/urbex-datenbank.ch\/urbex\/wp-json\/wp\/v2\/types\/page"}],"author":[{"embeddable":true,"href":"https:\/\/urbex-datenbank.ch\/urbex\/wp-json\/wp\/v2\/users\/1"}],"replies":[{"embeddable":true,"href":"https:\/\/urbex-datenbank.ch\/urbex\/wp-json\/wp\/v2\/comments?post=19"}],"version-history":[{"count":4,"href":"https:\/\/urbex-datenbank.ch\/urbex\/wp-json\/wp\/v2\/pages\/19\/revisions"}],"predecessor-version":[{"id":1948,"href":"https:\/\/urbex-datenbank.ch\/urbex\/wp-json\/wp\/v2\/pages\/19\/revisions\/1948"}],"wp:featuredmedia":[{"embeddable":true,"href":"https:\/\/urbex-datenbank.ch\/urbex\/wp-json\/"}],"wp:attachment":[{"href":"https:\/\/urbex-datenbank.ch\/urbex\/wp-json\/wp\/v2\/media?parent=19"}],"curies":[{"name":"wp","href":"https:\/\/api.w.org\/{rel}","templated":true}]}}